{"id":6847,"date":"2022-10-03T12:27:48","date_gmt":"2022-10-03T10:27:48","guid":{"rendered":"https:\/\/www.mirabel-mielles.com\/?post_type=hebergement&#038;p=6847"},"modified":"2024-10-04T16:33:12","modified_gmt":"2024-10-04T14:33:12","slug":"mobilheim-1-schlafzimmer","status":"publish","type":"hebergement","link":"https:\/\/www.mirabel-mielles.com\/de\/hebergement\/mobil-home-1-chambre","title":{"rendered":"Mobilheim 1 Zimmer"},"content":{"rendered":"<div class=\"wp-block-columns is-layout-flex wp-container-core-columns-is-layout-28f84493 wp-block-columns-is-layout-flex\">\n<div class=\"wp-block-column is-layout-flow wp-block-column-is-layout-flow\" style=\"flex-basis:65%\">\n<p>Mobilheim mit einem Schlafzimmer, Terrasse und Gartenm\u00f6beln.<\/p>\n\n\n\n<p>Entscheiden Sie sich f\u00fcr ein Wochenende oder ein paar Tage Urlaub f\u00fcr dieses komfortable Mobilheim mit ausgestatteter K\u00fcche, Schlafzimmer und Badezimmer, separatem WC und TV.<\/p>\n\n\n\n<p>So k\u00f6nnen Sie mit bis zu 3 Personen auf unserem Campingplatz im Stadtzentrum \u00fcbernachten und Ihre Unterkunft wie zu Hause genie\u00dfen. Machen Sie es sich auf Ihrer privaten Terrasse gem\u00fctlich oder schauen Sie sich einen Abend lang Ihr Fernsehprogramm an.<\/p>\n\n\n\n<p>Auch unsere Hunde- und Katzenfreunde sind auf unserem Campingplatz herzlich willkommen.<\/p>\n<\/div>\n\n\n\n<div class=\"wp-block-column is-layout-flow wp-block-column-is-layout-flow\" style=\"flex-basis:35%\">\n<div class=\"wp-block-group has-border-color has-turquoise-border-color is-layout-constrained wp-container-core-group-is-layout-a666d811 wp-block-group-is-layout-constrained\" style=\"border-width:1px;border-radius:4px;padding-top:var(--wp--preset--spacing--40);padding-right:var(--wp--preset--spacing--40);padding-bottom:var(--wp--preset--spacing--40);padding-left:var(--wp--preset--spacing--40)\">\n<p class=\"has-text-align-center\"><strong>In der Nebensaison<\/strong><br>Vermietung von mindestens 2 N\u00e4chten<\/p>\n\n\n\n<figure class=\"wp-block-image aligncenter size-full mt-0\"><img decoding=\"async\" src=\"https:\/\/www.campinglarenaudiere.com\/wp-content\/uploads\/2022\/01\/barre-orange.png\" alt=\"\" class=\"wp-image-2726\"\/><\/figure>\n\n\n\n<p class=\"has-text-align-center\" style=\"margin-top:var(--wp--preset--spacing--30);margin-right:0;margin-bottom:0;margin-left:0\"><strong>Im Sommer<\/strong><br>Mindestens 7 N\u00e4chte<br>An-\/Abreise am Mittwoch oder Samstag<\/p>\n<\/div>\n<\/div>\n<\/div>\n\n\n<p><ctv-product data-product-id=\"77305\" data-full=\"true\" ><\/ctv-product><\/p>\n\n\n\t\t<ctv-availability data-background-color=\"#FFFFFFFF\" data-begin-day=\"6\" data-product-id=\"77305\" data-month=\"\" data-show-full-months=\"true\"><\/ctv-availability>\r\n\t\t\n\n\n\n<p class=\"has-medium-font-size\" style=\"margin-top:0;margin-right:0;margin-bottom:0;margin-left:0\"><strong>Bungalow in Saint-Cast f\u00fcr 3 Personen<\/strong><\/p>\n\n\n\n<figure class=\"wp-block-image size-full\"><img decoding=\"async\" src=\"https:\/\/www.campinglarenaudiere.com\/wp-content\/uploads\/2022\/01\/barre-bleue.png\" alt=\"\" class=\"wp-image-2627\"\/><\/figure>\n\n\n\t\t<ctv-availability data-background-color=\"#FFFFFFFF\" data-begin-day=\"3\" data-product-id=\"120116\" data-month=\"7\" data-show-full-months=\"false\"><\/ctv-availability>","protected":false},"parent":0,"menu_order":1,"template":"","class_list":["post-6847","hebergement","type-hebergement","status-publish","hentry"],"_links":{"self":[{"href":"https:\/\/www.mirabel-mielles.com\/de\/wp-json\/wp\/v2\/hebergement\/6847","targetHints":{"allow":["GET"]}}],"collection":[{"href":"https:\/\/www.mirabel-mielles.com\/de\/wp-json\/wp\/v2\/hebergement"}],"about":[{"href":"https:\/\/www.mirabel-mielles.com\/de\/wp-json\/wp\/v2\/types\/hebergement"}],"version-history":[{"count":11,"href":"https:\/\/www.mirabel-mielles.com\/de\/wp-json\/wp\/v2\/hebergement\/6847\/revisions"}],"predecessor-version":[{"id":9984,"href":"https:\/\/www.mirabel-mielles.com\/de\/wp-json\/wp\/v2\/hebergement\/6847\/revisions\/9984"}],"wp:attachment":[{"href":"https:\/\/www.mirabel-mielles.com\/de\/wp-json\/wp\/v2\/media?parent=6847"}],"curies":[{"name":"WordPress","href":"https:\/\/api.w.org\/{rel}","templated":true}]}}

<div class="wp-block-columns is-layout-flex wp-container-core-columns-is-layout-28f84493 wp-block-columns-is-layout-flex">
<div class="wp-block-column is-layout-flow wp-block-column-is-layout-flow" style="flex-basis:65%">
<p>Mobilheim mit einem Schlafzimmer, Terrasse und Gartenmöbeln.</p>



<p>Entscheiden Sie sich für ein Wochenende oder ein paar Tage Urlaub für dieses komfortable Mobilheim mit ausgestatteter Küche, Schlafzimmer und Badezimmer, separatem WC und TV.</p>



<p>So können Sie mit bis zu 3 Personen auf unserem Campingplatz im Stadtzentrum übernachten und Ihre Unterkunft wie zu Hause genießen. Machen Sie es sich auf Ihrer privaten Terrasse gemütlich oder schauen Sie sich einen Abend lang Ihr Fernsehprogramm an.</p>



<p>Auch unsere Hunde- und Katzenfreunde sind auf unserem Campingplatz herzlich willkommen.</p>
</div>



<div class="wp-block-column is-layout-flow wp-block-column-is-layout-flow" style="flex-basis:35%">
<div class="wp-block-group has-border-color has-turquoise-border-color is-layout-constrained wp-container-core-group-is-layout-a666d811 wp-block-group-is-layout-constrained" style="border-width:1px;border-radius:4px;padding-top:var(--wp--preset--spacing--40);padding-right:var(--wp--preset--spacing--40);padding-bottom:var(--wp--preset--spacing--40);padding-left:var(--wp--preset--spacing--40)">
<p class="has-text-align-center"><strong>In der Nebensaison</strong><br>Vermietung von mindestens 2 Nächten</p>



<figure class="wp-block-image aligncenter size-full mt-0"><img decoding="async" src="https://www.campinglarenaudiere.com/wp-content/uploads/2022/01/barre-orange.png" alt="" class="wp-image-2726"/></figure>



<p class="has-text-align-center" style="margin-top:var(--wp--preset--spacing--30);margin-right:0;margin-bottom:0;margin-left:0"><strong>Im Sommer</strong><br>Mindestens 7 Nächte<br>An-/Abreise am Mittwoch oder Samstag</p>
</div>
</div>
</div>


<p><ctv-product data-product-id="77305" data-full="true" ></ctv-product></p>


		<ctv-availability data-background-color="#FFFFFFFF" data-begin-day="6" data-product-id="77305" data-month="" data-show-full-months="true"></ctv-availability>
		



<p class="has-medium-font-size" style="margin-top:0;margin-right:0;margin-bottom:0;margin-left:0"><strong>Bungalow in Saint-Cast für 3 Personen</strong></p>



<figure class="wp-block-image size-full"><img decoding="async" src="https://www.campinglarenaudiere.com/wp-content/uploads/2022/01/barre-bleue.png" alt="" class="wp-image-2627"/></figure>


		<ctv-availability data-background-color="#FFFFFFFF" data-begin-day="3" data-product-id="120116" data-month="7" data-show-full-months="false"></ctv-availability>
